{"id":16735,"date":"2025-06-09T16:23:03","date_gmt":"2025-06-09T14:23:03","guid":{"rendered":"https:\/\/www.adelec-inter.com\/?page_id=16735"},"modified":"2025-06-09T17:19:05","modified_gmt":"2025-06-09T15:19:05","slug":"temperature-et-hygrometrie","status":"publish","type":"page","link":"https:\/\/www.adelec-inter.com\/en\/temperature-et-hygrometrie\/","title":{"rendered":"Temperature and Humidity"},"content":{"rendered":"<div data-elementor-type=\"wp-page\" data-elementor-id=\"16735\" class=\"elementor elementor-16735\" data-elementor-post-type=\"page\">\n\t\t\t\t<div class=\"elementor-element elementor-element-bad78e3 e-grid e-con-boxed e-con e-parent\" data-id=\"bad78e3\" data-element_type=\"container\" data-e-type=\"container\">\n\t\t\t\t\t<div class=\"e-con-inner\">\n\t\t<div class=\"elementor-element elementor-element-ffd3635 e-con-full e-flex e-con e-child\" data-id=\"ffd3635\" data-element_type=\"container\" data-e-type=\"container\" data-settings=\"{&quot;background_background&quot;:&quot;classic&quot;}\">\n\t\t\t\t<div class=\"elementor-element elementor-element-6ca0b14 elementor-widget elementor-widget-image\" data-id=\"6ca0b14\" data-element_type=\"widget\" data-e-type=\"widget\" data-widget_type=\"image.default\">\n\t\t\t\t<div class=\"elementor-widget-container\">\n\t\t\t\t\t\t\t\t\t\t\t\t\t\t\t\t<a href=\"\/en\/temperature-et-humidite\/\">\n\t\t\t\t\t\t\t<img fetchpriority=\"high\" decoding=\"async\" width=\"900\" height=\"866\" src=\"https:\/\/www.adelec-inter.com\/wp-content\/uploads\/2025\/06\/Group-1000003537-1024x985.jpg\" class=\"attachment-large size-large wp-image-16700\" alt=\"\" srcset=\"https:\/\/www.adelec-inter.com\/wp-content\/uploads\/2025\/06\/Group-1000003537-1024x985.jpg 1024w, https:\/\/www.adelec-inter.com\/wp-content\/uploads\/2025\/06\/Group-1000003537-300x289.jpg 300w, https:\/\/www.adelec-inter.com\/wp-content\/uploads\/2025\/06\/Group-1000003537-768x739.jpg 768w, https:\/\/www.adelec-inter.com\/wp-content\/uploads\/2025\/06\/Group-1000003537-1536x1478.jpg 1536w, https:\/\/www.adelec-inter.com\/wp-content\/uploads\/2025\/06\/Group-1000003537.jpg 1588w\" sizes=\"(max-width: 900px) 100vw, 900px\" \/>\t\t\t\t\t\t\t\t<\/a>\n\t\t\t\t\t\t\t\t\t\t\t\t\t\t\t<\/div>\n\t\t\t\t<\/div>\n\t\t\t\t<div class=\"elementor-element elementor-element-6870778 card-title elementor-widget elementor-widget-heading\" data-id=\"6870778\" data-element_type=\"widget\" data-e-type=\"widget\" data-widget_type=\"heading.default\">\n\t\t\t\t<div class=\"elementor-widget-container\">\n\t\t\t\t\t<h6 class=\"elementor-heading-title elementor-size-default\"><a href=\"\/en\/temperature-et-humidite\/\">Temp\u00e9rature et Humidit\u00e9 <\/a><\/h6>\t\t\t\t<\/div>\n\t\t\t\t<\/div>\n\t\t\t\t<div class=\"elementor-element elementor-element-805b6f7 desc elementor-widget elementor-widget-text-editor\" data-id=\"805b6f7\" data-element_type=\"widget\" data-e-type=\"widget\" data-widget_type=\"text-editor.default\">\n\t\t\t\t<div class=\"elementor-widget-container\">\n\t\t\t\t\t\t\t\t\t<div class=\"jshop_prod_description\"><p>Instruments et capteurs combin\u00e9s permettant la mesure simultan\u00e9e de la temp\u00e9rature et de l\u2019humidit\u00e9 relative, essentiels pour le contr\u00f4le des conditions ambiantes dans les environnements sensibles tels que les laboratoires<\/p><\/div>\t\t\t\t\t\t\t\t<\/div>\n\t\t\t\t<\/div>\n\t\t\t\t<div class=\"elementor-element elementor-element-d3fcf47 elementor-view-stacked elementor-shape-square elementor-widget elementor-widget-icon\" data-id=\"d3fcf47\" data-element_type=\"widget\" data-e-type=\"widget\" data-widget_type=\"icon.default\">\n\t\t\t\t<div class=\"elementor-widget-container\">\n\t\t\t\t\t\t\t<div class=\"elementor-icon-wrapper\">\n\t\t\t<a class=\"elementor-icon elementor-animation-buzz-out\" href=\"\/en\/temperature-et-humidite\/\">\n\t\t\t<i aria-hidden=\"true\" class=\"rebuilto-icon- rebuilto-icon-arrow-up-right\"><\/i>\t\t\t<\/a>\n\t\t<\/div>\n\t\t\t\t\t\t<\/div>\n\t\t\t\t<\/div>\n\t\t\t\t<\/div>\n\t\t\t\t\t<\/div>\n\t\t\t\t<\/div>\n\t\t\t\t<\/div>","protected":false},"excerpt":{"rendered":"<p>Temp\u00e9rature et Humidit\u00e9 Instruments et capteurs combin\u00e9s permettant la mesure simultan\u00e9e de la temp\u00e9rature et de l\u2019humidit\u00e9 relative, essentiels pour le contr\u00f4le des conditions ambiantes dans les environnements sensibles tels que les laboratoires<\/p>","protected":false},"author":2,"featured_media":0,"parent":0,"menu_order":0,"comment_status":"closed","ping_status":"closed","template":"","meta":{"_acf_changed":false,"footnotes":""},"class_list":["post-16735","page","type-page","status-publish","hentry"],"acf":[],"_links":{"self":[{"href":"https:\/\/www.adelec-inter.com\/en\/wp-json\/wp\/v2\/pages\/16735","targetHints":{"allow":["GET"]}}],"collection":[{"href":"https:\/\/www.adelec-inter.com\/en\/wp-json\/wp\/v2\/pages"}],"about":[{"href":"https:\/\/www.adelec-inter.com\/en\/wp-json\/wp\/v2\/types\/page"}],"author":[{"embeddable":true,"href":"https:\/\/www.adelec-inter.com\/en\/wp-json\/wp\/v2\/users\/2"}],"replies":[{"embeddable":true,"href":"https:\/\/www.adelec-inter.com\/en\/wp-json\/wp\/v2\/comments?post=16735"}],"version-history":[{"count":7,"href":"https:\/\/www.adelec-inter.com\/en\/wp-json\/wp\/v2\/pages\/16735\/revisions"}],"predecessor-version":[{"id":16828,"href":"https:\/\/www.adelec-inter.com\/en\/wp-json\/wp\/v2\/pages\/16735\/revisions\/16828"}],"wp:attachment":[{"href":"https:\/\/www.adelec-inter.com\/en\/wp-json\/wp\/v2\/media?parent=16735"}],"curies":[{"name":"wp","href":"https:\/\/api.w.org\/{rel}","templated":true}]}}

<div data-elementor-type="wp-page" data-elementor-id="16735" class="elementor elementor-16735" data-elementor-post-type="page">
				<div class="elementor-element elementor-element-bad78e3 e-grid e-con-boxed e-con e-parent" data-id="bad78e3" data-element_type="container" data-e-type="container">
					<div class="e-con-inner">
		<div class="elementor-element elementor-element-ffd3635 e-con-full e-flex e-con e-child" data-id="ffd3635" data-element_type="container" data-e-type="container" data-settings="{&quot;background_background&quot;:&quot;classic&quot;}">
				<div class="elementor-element elementor-element-6ca0b14 elementor-widget elementor-widget-image" data-id="6ca0b14" data-element_type="widget" data-e-type="widget" data-widget_type="image.default">
				<div class="elementor-widget-container">
																<a href="/en/temperature-et-humidite/">
							<img fetchpriority="high" decoding="async" width="900" height="866" src="https://www.adelec-inter.com/wp-content/uploads/2025/06/Group-1000003537-1024x985.jpg" class="attachment-large size-large wp-image-16700" alt="" srcset="https://www.adelec-inter.com/wp-content/uploads/2025/06/Group-1000003537-1024x985.jpg 1024w, https://www.adelec-inter.com/wp-content/uploads/2025/06/Group-1000003537-300x289.jpg 300w, https://www.adelec-inter.com/wp-content/uploads/2025/06/Group-1000003537-768x739.jpg 768w, https://www.adelec-inter.com/wp-content/uploads/2025/06/Group-1000003537-1536x1478.jpg 1536w, https://www.adelec-inter.com/wp-content/uploads/2025/06/Group-1000003537.jpg 1588w" sizes="(max-width: 900px) 100vw, 900px" />								</a>
															</div>
				</div>
				<div class="elementor-element elementor-element-6870778 card-title elementor-widget elementor-widget-heading" data-id="6870778" data-element_type="widget" data-e-type="widget" data-widget_type="heading.default">
				<div class="elementor-widget-container">
					<h6 class="elementor-heading-title elementor-size-default"><a href="/en/temperature-et-humidite/">Température et Humidité </a></h6>				</div>
				</div>
				<div class="elementor-element elementor-element-805b6f7 desc elementor-widget elementor-widget-text-editor" data-id="805b6f7" data-element_type="widget" data-e-type="widget" data-widget_type="text-editor.default">
				<div class="elementor-widget-container">
									<div class="jshop_prod_description"><p>Instruments et capteurs combinés permettant la mesure simultanée de la température et de l’humidité relative, essentiels pour le contrôle des conditions ambiantes dans les environnements sensibles tels que les laboratoires</p></div>								</div>
				</div>
				<div class="elementor-element elementor-element-d3fcf47 elementor-view-stacked elementor-shape-square elementor-widget elementor-widget-icon" data-id="d3fcf47" data-element_type="widget" data-e-type="widget" data-widget_type="icon.default">
				<div class="elementor-widget-container">
							<div class="elementor-icon-wrapper">
			<a class="elementor-icon elementor-animation-buzz-out" href="/en/temperature-et-humidite/">
			<i aria-hidden="true" class="rebuilto-icon- rebuilto-icon-arrow-up-right"></i>			</a>
		</div>
						</div>
				</div>
				</div>
					</div>
				</div>
				</div>

<p>Température et Humidité Instruments et capteurs combinés permettant la mesure simultanée de la température et de l’humidité relative, essentiels pour le contrôle des conditions ambiantes dans les environnements sensibles tels que les laboratoires</p>
