{"id":16743,"date":"2025-06-09T16:25:06","date_gmt":"2025-06-09T14:25:06","guid":{"rendered":"https:\/\/www.adelec-inter.com\/?page_id=16743"},"modified":"2025-06-09T17:22:19","modified_gmt":"2025-06-09T15:22:19","slug":"electrique","status":"publish","type":"page","link":"https:\/\/www.adelec-inter.com\/en\/electrique\/","title":{"rendered":"Electrique"},"content":{"rendered":"<div data-elementor-type=\"wp-page\" data-elementor-id=\"16743\" class=\"elementor elementor-16743\" data-elementor-post-type=\"page\">\n\t\t\t\t<div class=\"elementor-element elementor-element-bad78e3 e-grid e-con-boxed e-con e-parent\" data-id=\"bad78e3\" data-element_type=\"container\" data-e-type=\"container\">\n\t\t\t\t\t<div class=\"e-con-inner\">\n\t\t<div class=\"elementor-element elementor-element-ffd3635 e-con-full e-flex e-con e-child\" data-id=\"ffd3635\" data-element_type=\"container\" data-e-type=\"container\" data-settings=\"{&quot;background_background&quot;:&quot;classic&quot;}\">\n\t\t\t\t<div class=\"elementor-element elementor-element-6ca0b14 elementor-widget elementor-widget-image\" data-id=\"6ca0b14\" data-element_type=\"widget\" data-e-type=\"widget\" data-widget_type=\"image.default\">\n\t\t\t\t<div class=\"elementor-widget-container\">\n\t\t\t\t\t\t\t\t\t\t\t\t\t\t\t\t<a href=\"\/en\/calibrateur-electrique\/\">\n\t\t\t\t\t\t\t<img fetchpriority=\"high\" decoding=\"async\" width=\"900\" height=\"866\" src=\"https:\/\/www.adelec-inter.com\/wp-content\/uploads\/2025\/06\/Group-1000003538-1024x985.jpg\" class=\"attachment-large size-large wp-image-16701\" alt=\"\" srcset=\"https:\/\/www.adelec-inter.com\/wp-content\/uploads\/2025\/06\/Group-1000003538-1024x985.jpg 1024w, https:\/\/www.adelec-inter.com\/wp-content\/uploads\/2025\/06\/Group-1000003538-300x289.jpg 300w, https:\/\/www.adelec-inter.com\/wp-content\/uploads\/2025\/06\/Group-1000003538-768x739.jpg 768w, https:\/\/www.adelec-inter.com\/wp-content\/uploads\/2025\/06\/Group-1000003538-1536x1478.jpg 1536w, https:\/\/www.adelec-inter.com\/wp-content\/uploads\/2025\/06\/Group-1000003538.jpg 1588w\" sizes=\"(max-width: 900px) 100vw, 900px\" \/>\t\t\t\t\t\t\t\t<\/a>\n\t\t\t\t\t\t\t\t\t\t\t\t\t\t\t<\/div>\n\t\t\t\t<\/div>\n\t\t\t\t<div class=\"elementor-element elementor-element-6870778 card-title elementor-widget elementor-widget-heading\" data-id=\"6870778\" data-element_type=\"widget\" data-e-type=\"widget\" data-widget_type=\"heading.default\">\n\t\t\t\t<div class=\"elementor-widget-container\">\n\t\t\t\t\t<h6 class=\"elementor-heading-title elementor-size-default\"><a href=\"\/en\/calibrateur-electrique\/\">Calibrateur Electrique<\/a><\/h6>\t\t\t\t<\/div>\n\t\t\t\t<\/div>\n\t\t\t\t<div class=\"elementor-element elementor-element-805b6f7 desc elementor-widget elementor-widget-text-editor\" data-id=\"805b6f7\" data-element_type=\"widget\" data-e-type=\"widget\" data-widget_type=\"text-editor.default\">\n\t\t\t\t<div class=\"elementor-widget-container\">\n\t\t\t\t\t\t\t\t\t<div class=\"jshop_prod_description\"><p>Instrument polyvalent destin\u00e9 \u00e0 la g\u00e9n\u00e9ration et \u00e0 la mesure de signaux \u00e9lectriques (tension, courant, r\u00e9sistance, fr\u00e9quence, etc.) pour l\u2019\u00e9talonnage et la v\u00e9rification d\u2019instruments de mesure et de contr\u00f4le dans les domaines de l\u2019\u00e9lectricit\u00e9 et de l\u2019automatisation.<\/p><\/div>\t\t\t\t\t\t\t\t<\/div>\n\t\t\t\t<\/div>\n\t\t\t\t<div class=\"elementor-element elementor-element-d3fcf47 elementor-view-stacked elementor-shape-square elementor-widget elementor-widget-icon\" data-id=\"d3fcf47\" data-element_type=\"widget\" data-e-type=\"widget\" data-widget_type=\"icon.default\">\n\t\t\t\t<div class=\"elementor-widget-container\">\n\t\t\t\t\t\t\t<div class=\"elementor-icon-wrapper\">\n\t\t\t<a class=\"elementor-icon elementor-animation-buzz-out\" href=\"\/en\/calibrateur-electrique\/\">\n\t\t\t<i aria-hidden=\"true\" class=\"rebuilto-icon- rebuilto-icon-arrow-up-right\"><\/i>\t\t\t<\/a>\n\t\t<\/div>\n\t\t\t\t\t\t<\/div>\n\t\t\t\t<\/div>\n\t\t\t\t<\/div>\n\t\t\t\t\t<\/div>\n\t\t\t\t<\/div>\n\t\t\t\t<\/div>","protected":false},"excerpt":{"rendered":"<p>Calibrateur Electrique Instrument polyvalent destin\u00e9 \u00e0 la g\u00e9n\u00e9ration et \u00e0 la mesure de signaux \u00e9lectriques (tension, courant, r\u00e9sistance, fr\u00e9quence, etc.) pour l\u2019\u00e9talonnage et la v\u00e9rification d\u2019instruments de mesure et de contr\u00f4le dans les domaines de l\u2019\u00e9lectricit\u00e9 et de l\u2019automatisation.<\/p>","protected":false},"author":2,"featured_media":0,"parent":0,"menu_order":0,"comment_status":"closed","ping_status":"closed","template":"","meta":{"_acf_changed":false,"footnotes":""},"class_list":["post-16743","page","type-page","status-publish","hentry"],"acf":[],"_links":{"self":[{"href":"https:\/\/www.adelec-inter.com\/en\/wp-json\/wp\/v2\/pages\/16743","targetHints":{"allow":["GET"]}}],"collection":[{"href":"https:\/\/www.adelec-inter.com\/en\/wp-json\/wp\/v2\/pages"}],"about":[{"href":"https:\/\/www.adelec-inter.com\/en\/wp-json\/wp\/v2\/types\/page"}],"author":[{"embeddable":true,"href":"https:\/\/www.adelec-inter.com\/en\/wp-json\/wp\/v2\/users\/2"}],"replies":[{"embeddable":true,"href":"https:\/\/www.adelec-inter.com\/en\/wp-json\/wp\/v2\/comments?post=16743"}],"version-history":[{"count":7,"href":"https:\/\/www.adelec-inter.com\/en\/wp-json\/wp\/v2\/pages\/16743\/revisions"}],"predecessor-version":[{"id":16836,"href":"https:\/\/www.adelec-inter.com\/en\/wp-json\/wp\/v2\/pages\/16743\/revisions\/16836"}],"wp:attachment":[{"href":"https:\/\/www.adelec-inter.com\/en\/wp-json\/wp\/v2\/media?parent=16743"}],"curies":[{"name":"wp","href":"https:\/\/api.w.org\/{rel}","templated":true}]}}

<div data-elementor-type="wp-page" data-elementor-id="16743" class="elementor elementor-16743" data-elementor-post-type="page">
				<div class="elementor-element elementor-element-bad78e3 e-grid e-con-boxed e-con e-parent" data-id="bad78e3" data-element_type="container" data-e-type="container">
					<div class="e-con-inner">
		<div class="elementor-element elementor-element-ffd3635 e-con-full e-flex e-con e-child" data-id="ffd3635" data-element_type="container" data-e-type="container" data-settings="{&quot;background_background&quot;:&quot;classic&quot;}">
				<div class="elementor-element elementor-element-6ca0b14 elementor-widget elementor-widget-image" data-id="6ca0b14" data-element_type="widget" data-e-type="widget" data-widget_type="image.default">
				<div class="elementor-widget-container">
																<a href="/en/calibrateur-electrique/">
							<img fetchpriority="high" decoding="async" width="900" height="866" src="https://www.adelec-inter.com/wp-content/uploads/2025/06/Group-1000003538-1024x985.jpg" class="attachment-large size-large wp-image-16701" alt="" srcset="https://www.adelec-inter.com/wp-content/uploads/2025/06/Group-1000003538-1024x985.jpg 1024w, https://www.adelec-inter.com/wp-content/uploads/2025/06/Group-1000003538-300x289.jpg 300w, https://www.adelec-inter.com/wp-content/uploads/2025/06/Group-1000003538-768x739.jpg 768w, https://www.adelec-inter.com/wp-content/uploads/2025/06/Group-1000003538-1536x1478.jpg 1536w, https://www.adelec-inter.com/wp-content/uploads/2025/06/Group-1000003538.jpg 1588w" sizes="(max-width: 900px) 100vw, 900px" />								</a>
															</div>
				</div>
				<div class="elementor-element elementor-element-6870778 card-title elementor-widget elementor-widget-heading" data-id="6870778" data-element_type="widget" data-e-type="widget" data-widget_type="heading.default">
				<div class="elementor-widget-container">
					<h6 class="elementor-heading-title elementor-size-default"><a href="/en/calibrateur-electrique/">Calibrateur Electrique</a></h6>				</div>
				</div>
				<div class="elementor-element elementor-element-805b6f7 desc elementor-widget elementor-widget-text-editor" data-id="805b6f7" data-element_type="widget" data-e-type="widget" data-widget_type="text-editor.default">
				<div class="elementor-widget-container">
									<div class="jshop_prod_description"><p>Instrument polyvalent destiné à la génération et à la mesure de signaux électriques (tension, courant, résistance, fréquence, etc.) pour l’étalonnage et la vérification d’instruments de mesure et de contrôle dans les domaines de l’électricité et de l’automatisation.</p></div>								</div>
				</div>
				<div class="elementor-element elementor-element-d3fcf47 elementor-view-stacked elementor-shape-square elementor-widget elementor-widget-icon" data-id="d3fcf47" data-element_type="widget" data-e-type="widget" data-widget_type="icon.default">
				<div class="elementor-widget-container">
							<div class="elementor-icon-wrapper">
			<a class="elementor-icon elementor-animation-buzz-out" href="/en/calibrateur-electrique/">
			<i aria-hidden="true" class="rebuilto-icon- rebuilto-icon-arrow-up-right"></i>			</a>
		</div>
						</div>
				</div>
				</div>
					</div>
				</div>
				</div>

<p>Calibrateur Electrique Instrument polyvalent destiné à la génération et à la mesure de signaux électriques (tension, courant, résistance, fréquence, etc.) pour l’étalonnage et la vérification d’instruments de mesure et de contrôle dans les domaines de l’électricité et de l’automatisation.</p>
