{"id":18163,"date":"2025-06-13T15:20:33","date_gmt":"2025-06-13T13:20:33","guid":{"rendered":"https:\/\/www.adelec-inter.com\/?page_id=18163"},"modified":"2025-06-13T16:44:11","modified_gmt":"2025-06-13T14:44:11","slug":"douilles-embouts-et-accessoires","status":"publish","type":"page","link":"https:\/\/www.adelec-inter.com\/en\/douilles-embouts-et-accessoires\/","title":{"rendered":"Sockets, Bits and Accessories"},"content":{"rendered":"<div data-elementor-type=\"wp-page\" data-elementor-id=\"18163\" class=\"elementor elementor-18163\" data-elementor-post-type=\"page\">\n\t\t\t\t<div class=\"elementor-element elementor-element-0520cb8 e-grid e-con-boxed e-con e-parent\" data-id=\"0520cb8\" data-element_type=\"container\" data-e-type=\"container\">\n\t\t\t\t\t<div class=\"e-con-inner\">\n\t\t<div class=\"elementor-element elementor-element-35288a4 e-con-full e-flex e-con e-child\" data-id=\"35288a4\" data-element_type=\"container\" data-e-type=\"container\" data-settings=\"{&quot;background_background&quot;:&quot;classic&quot;}\">\n\t\t\t\t<div class=\"elementor-element elementor-element-7bbe149 elementor-widget elementor-widget-image\" data-id=\"7bbe149\" data-element_type=\"widget\" data-e-type=\"widget\" data-widget_type=\"image.default\">\n\t\t\t\t<div class=\"elementor-widget-container\">\n\t\t\t\t\t\t\t\t\t\t\t\t\t\t\t\t<a href=\"\/en\/douilles-a-choc-standard-et-sur-mesure\/\">\n\t\t\t\t\t\t\t<img fetchpriority=\"high\" decoding=\"async\" width=\"900\" height=\"866\" src=\"https:\/\/www.adelec-inter.com\/wp-content\/uploads\/2025\/06\/Group-1000003721-1024x985.jpg\" class=\"attachment-large size-large wp-image-18113\" alt=\"\" srcset=\"https:\/\/www.adelec-inter.com\/wp-content\/uploads\/2025\/06\/Group-1000003721-1024x985.jpg 1024w, https:\/\/www.adelec-inter.com\/wp-content\/uploads\/2025\/06\/Group-1000003721-300x289.jpg 300w, https:\/\/www.adelec-inter.com\/wp-content\/uploads\/2025\/06\/Group-1000003721-768x739.jpg 768w, https:\/\/www.adelec-inter.com\/wp-content\/uploads\/2025\/06\/Group-1000003721-1536x1478.jpg 1536w, https:\/\/www.adelec-inter.com\/wp-content\/uploads\/2025\/06\/Group-1000003721.jpg 1588w\" sizes=\"(max-width: 900px) 100vw, 900px\" \/>\t\t\t\t\t\t\t\t<\/a>\n\t\t\t\t\t\t\t\t\t\t\t\t\t\t\t<\/div>\n\t\t\t\t<\/div>\n\t\t\t\t<div class=\"elementor-element elementor-element-3649c8f card-title elementor-widget elementor-widget-heading\" data-id=\"3649c8f\" data-element_type=\"widget\" data-e-type=\"widget\" data-widget_type=\"heading.default\">\n\t\t\t\t<div class=\"elementor-widget-container\">\n\t\t\t\t\t<h6 class=\"elementor-heading-title elementor-size-default\"><a href=\"\/en\/douilles-a-choc-standard-et-sur-mesure\/\">Douilles \u00e0 choc standard et sur mesure<\/a><\/h6>\t\t\t\t<\/div>\n\t\t\t\t<\/div>\n\t\t\t\t<div class=\"elementor-element elementor-element-88bc9b8 desc elementor-widget elementor-widget-text-editor\" data-id=\"88bc9b8\" data-element_type=\"widget\" data-e-type=\"widget\" data-widget_type=\"text-editor.default\">\n\t\t\t\t<div class=\"elementor-widget-container\">\n\t\t\t\t\t\t\t\t\t<div class=\"jshop_prod_description\"><p>Les douilles \u00e0 choc sont des accessoires robustes con\u00e7us pour \u00eatre utilis\u00e9s avec des outils \u00e0 percussion, tels que les cl\u00e9s \u00e0 choc, afin de serrer ou desserrer des \u00e9crous et boulons avec une force \u00e9lev\u00e9e.<\/p><\/div>\t\t\t\t\t\t\t\t<\/div>\n\t\t\t\t<\/div>\n\t\t\t\t<div class=\"elementor-element elementor-element-510487d elementor-view-stacked elementor-shape-square elementor-widget elementor-widget-icon\" data-id=\"510487d\" data-element_type=\"widget\" data-e-type=\"widget\" data-widget_type=\"icon.default\">\n\t\t\t\t<div class=\"elementor-widget-container\">\n\t\t\t\t\t\t\t<div class=\"elementor-icon-wrapper\">\n\t\t\t<a class=\"elementor-icon elementor-animation-buzz-out\" href=\"\/en\/douilles-a-choc-standard-et-sur-mesure\/\">\n\t\t\t<i aria-hidden=\"true\" class=\"rebuilto-icon- rebuilto-icon-arrow-up-right\"><\/i>\t\t\t<\/a>\n\t\t<\/div>\n\t\t\t\t\t\t<\/div>\n\t\t\t\t<\/div>\n\t\t\t\t<\/div>\n\t\t<div class=\"elementor-element elementor-element-271ad10 e-con-full e-flex e-con e-child\" data-id=\"271ad10\" data-element_type=\"container\" data-e-type=\"container\" data-settings=\"{&quot;background_background&quot;:&quot;classic&quot;}\">\n\t\t\t\t<div class=\"elementor-element elementor-element-0019a5c elementor-widget elementor-widget-image\" data-id=\"0019a5c\" data-element_type=\"widget\" data-e-type=\"widget\" data-widget_type=\"image.default\">\n\t\t\t\t<div class=\"elementor-widget-container\">\n\t\t\t\t\t\t\t\t\t\t\t\t\t\t\t\t<a href=\"\/en\/embouts-embouts-speciaux-porte-embouts-et-accessoires\/\">\n\t\t\t\t\t\t\t<img decoding=\"async\" width=\"900\" height=\"945\" src=\"https:\/\/www.adelec-inter.com\/wp-content\/uploads\/2025\/06\/Group-1000003720-975x1024.jpg\" class=\"attachment-large size-large wp-image-18115\" alt=\"\" srcset=\"https:\/\/www.adelec-inter.com\/wp-content\/uploads\/2025\/06\/Group-1000003720-975x1024.jpg 975w, https:\/\/www.adelec-inter.com\/wp-content\/uploads\/2025\/06\/Group-1000003720-286x300.jpg 286w, https:\/\/www.adelec-inter.com\/wp-content\/uploads\/2025\/06\/Group-1000003720-768x806.jpg 768w, https:\/\/www.adelec-inter.com\/wp-content\/uploads\/2025\/06\/Group-1000003720-1463x1536.jpg 1463w, https:\/\/www.adelec-inter.com\/wp-content\/uploads\/2025\/06\/Group-1000003720.jpg 1716w\" sizes=\"(max-width: 900px) 100vw, 900px\" \/>\t\t\t\t\t\t\t\t<\/a>\n\t\t\t\t\t\t\t\t\t\t\t\t\t\t\t<\/div>\n\t\t\t\t<\/div>\n\t\t\t\t<div class=\"elementor-element elementor-element-fa8d39b card-title elementor-widget elementor-widget-heading\" data-id=\"fa8d39b\" data-element_type=\"widget\" data-e-type=\"widget\" data-widget_type=\"heading.default\">\n\t\t\t\t<div class=\"elementor-widget-container\">\n\t\t\t\t\t<h6 class=\"elementor-heading-title elementor-size-default\"><a href=\"\/en\/embouts-embouts-speciaux-porte-embouts-et-accessoires\/\">Embouts, embouts sp\u00e9ciaux, porte-embouts et accessoires<\/a><\/h6>\t\t\t\t<\/div>\n\t\t\t\t<\/div>\n\t\t\t\t<div class=\"elementor-element elementor-element-2f3bcba desc elementor-widget elementor-widget-text-editor\" data-id=\"2f3bcba\" data-element_type=\"widget\" data-e-type=\"widget\" data-widget_type=\"text-editor.default\">\n\t\t\t\t<div class=\"elementor-widget-container\">\n\t\t\t\t\t\t\t\t\t<p>Les embouts sp\u00e9ciaux r\u00e9pondent aux besoins particuliers des secteurs industriels exigeants, avec des formes et mat\u00e9riaux adapt\u00e9s \u00e0 des visseries complexes ou s\u00e9curis\u00e9es.<\/p>\t\t\t\t\t\t\t\t<\/div>\n\t\t\t\t<\/div>\n\t\t\t\t<div class=\"elementor-element elementor-element-ddb3a67 elementor-view-stacked elementor-shape-square elementor-widget elementor-widget-icon\" data-id=\"ddb3a67\" data-element_type=\"widget\" data-e-type=\"widget\" data-widget_type=\"icon.default\">\n\t\t\t\t<div class=\"elementor-widget-container\">\n\t\t\t\t\t\t\t<div class=\"elementor-icon-wrapper\">\n\t\t\t<a class=\"elementor-icon elementor-animation-buzz-out\" href=\"\/en\/embouts-embouts-speciaux-porte-embouts-et-accessoires\/\">\n\t\t\t<i aria-hidden=\"true\" class=\"rebuilto-icon- rebuilto-icon-arrow-up-right\"><\/i>\t\t\t<\/a>\n\t\t<\/div>\n\t\t\t\t\t\t<\/div>\n\t\t\t\t<\/div>\n\t\t\t\t<\/div>\n\t\t<div class=\"elementor-element elementor-element-700a830 e-con-full e-flex e-con e-child\" data-id=\"700a830\" data-element_type=\"container\" data-e-type=\"container\" data-settings=\"{&quot;background_background&quot;:&quot;classic&quot;}\">\n\t\t\t\t<div class=\"elementor-element elementor-element-7149ea6 elementor-widget elementor-widget-image\" data-id=\"7149ea6\" data-element_type=\"widget\" data-e-type=\"widget\" data-widget_type=\"image.default\">\n\t\t\t\t<div class=\"elementor-widget-container\">\n\t\t\t\t\t\t\t\t\t\t\t\t\t\t\t\t<a href=\"\/en\/accessoires-de-vissage\/\">\n\t\t\t\t\t\t\t<img decoding=\"async\" width=\"900\" height=\"866\" src=\"https:\/\/www.adelec-inter.com\/wp-content\/uploads\/2025\/06\/Group-1000003705-1024x985.jpg\" class=\"attachment-large size-large wp-image-18114\" alt=\"\" srcset=\"https:\/\/www.adelec-inter.com\/wp-content\/uploads\/2025\/06\/Group-1000003705-1024x985.jpg 1024w, https:\/\/www.adelec-inter.com\/wp-content\/uploads\/2025\/06\/Group-1000003705-300x289.jpg 300w, https:\/\/www.adelec-inter.com\/wp-content\/uploads\/2025\/06\/Group-1000003705-768x739.jpg 768w, https:\/\/www.adelec-inter.com\/wp-content\/uploads\/2025\/06\/Group-1000003705-1536x1478.jpg 1536w, https:\/\/www.adelec-inter.com\/wp-content\/uploads\/2025\/06\/Group-1000003705.jpg 1588w\" sizes=\"(max-width: 900px) 100vw, 900px\" \/>\t\t\t\t\t\t\t\t<\/a>\n\t\t\t\t\t\t\t\t\t\t\t\t\t\t\t<\/div>\n\t\t\t\t<\/div>\n\t\t\t\t<div class=\"elementor-element elementor-element-a19f2b4 card-title elementor-widget elementor-widget-heading\" data-id=\"a19f2b4\" data-element_type=\"widget\" data-e-type=\"widget\" data-widget_type=\"heading.default\">\n\t\t\t\t<div class=\"elementor-widget-container\">\n\t\t\t\t\t<h6 class=\"elementor-heading-title elementor-size-default\"><a href=\"\/en\/accessoires-de-vissage\/\">Accessoires de vissage<\/a><\/h6>\t\t\t\t<\/div>\n\t\t\t\t<\/div>\n\t\t\t\t<div class=\"elementor-element elementor-element-0c88c5b desc elementor-widget elementor-widget-text-editor\" data-id=\"0c88c5b\" data-element_type=\"widget\" data-e-type=\"widget\" data-widget_type=\"text-editor.default\">\n\t\t\t\t<div class=\"elementor-widget-container\">\n\t\t\t\t\t\t\t\t\t<p>Les accessoires de vissage comprennent une large gamme d\u2019\u00e9l\u00e9ments compl\u00e9mentaires indispensables pour optimiser et faciliter les op\u00e9rations de vissage.<\/p>\t\t\t\t\t\t\t\t<\/div>\n\t\t\t\t<\/div>\n\t\t\t\t<div class=\"elementor-element elementor-element-d56492f elementor-view-stacked elementor-shape-square elementor-widget elementor-widget-icon\" data-id=\"d56492f\" data-element_type=\"widget\" data-e-type=\"widget\" data-widget_type=\"icon.default\">\n\t\t\t\t<div class=\"elementor-widget-container\">\n\t\t\t\t\t\t\t<div class=\"elementor-icon-wrapper\">\n\t\t\t<a class=\"elementor-icon elementor-animation-buzz-out\" href=\"\/en\/accessoires-de-vissage\/\">\n\t\t\t<i aria-hidden=\"true\" class=\"rebuilto-icon- rebuilto-icon-arrow-up-right\"><\/i>\t\t\t<\/a>\n\t\t<\/div>\n\t\t\t\t\t\t<\/div>\n\t\t\t\t<\/div>\n\t\t\t\t<\/div>\n\t\t\t\t\t<\/div>\n\t\t\t\t<\/div>\n\t\t\t\t<\/div>","protected":false},"excerpt":{"rendered":"<p>Douilles \u00e0 choc standard et sur mesure Les douilles \u00e0 choc sont des accessoires robustes con\u00e7us pour \u00eatre utilis\u00e9s avec des outils \u00e0 percussion, tels que les cl\u00e9s \u00e0 choc, afin de serrer ou desserrer des \u00e9crous et boulons avec une force \u00e9lev\u00e9e. Embouts, embouts sp\u00e9ciaux, porte-embouts et accessoires Les embouts sp\u00e9ciaux r\u00e9pondent aux besoins [&hellip;]<\/p>\n","protected":false},"author":2,"featured_media":0,"parent":0,"menu_order":0,"comment_status":"closed","ping_status":"closed","template":"","meta":{"_acf_changed":false,"footnotes":""},"class_list":["post-18163","page","type-page","status-publish","hentry"],"acf":[],"_links":{"self":[{"href":"https:\/\/www.adelec-inter.com\/en\/wp-json\/wp\/v2\/pages\/18163","targetHints":{"allow":["GET"]}}],"collection":[{"href":"https:\/\/www.adelec-inter.com\/en\/wp-json\/wp\/v2\/pages"}],"about":[{"href":"https:\/\/www.adelec-inter.com\/en\/wp-json\/wp\/v2\/types\/page"}],"author":[{"embeddable":true,"href":"https:\/\/www.adelec-inter.com\/en\/wp-json\/wp\/v2\/users\/2"}],"replies":[{"embeddable":true,"href":"https:\/\/www.adelec-inter.com\/en\/wp-json\/wp\/v2\/comments?post=18163"}],"version-history":[{"count":10,"href":"https:\/\/www.adelec-inter.com\/en\/wp-json\/wp\/v2\/pages\/18163\/revisions"}],"predecessor-version":[{"id":18355,"href":"https:\/\/www.adelec-inter.com\/en\/wp-json\/wp\/v2\/pages\/18163\/revisions\/18355"}],"wp:attachment":[{"href":"https:\/\/www.adelec-inter.com\/en\/wp-json\/wp\/v2\/media?parent=18163"}],"curies":[{"name":"wp","href":"https:\/\/api.w.org\/{rel}","templated":true}]}}

<div data-elementor-type="wp-page" data-elementor-id="18163" class="elementor elementor-18163" data-elementor-post-type="page">
				<div class="elementor-element elementor-element-0520cb8 e-grid e-con-boxed e-con e-parent" data-id="0520cb8" data-element_type="container" data-e-type="container">
					<div class="e-con-inner">
		<div class="elementor-element elementor-element-35288a4 e-con-full e-flex e-con e-child" data-id="35288a4" data-element_type="container" data-e-type="container" data-settings="{&quot;background_background&quot;:&quot;classic&quot;}">
				<div class="elementor-element elementor-element-7bbe149 elementor-widget elementor-widget-image" data-id="7bbe149" data-element_type="widget" data-e-type="widget" data-widget_type="image.default">
				<div class="elementor-widget-container">
																<a href="/en/douilles-a-choc-standard-et-sur-mesure/">
							<img fetchpriority="high" decoding="async" width="900" height="866" src="https://www.adelec-inter.com/wp-content/uploads/2025/06/Group-1000003721-1024x985.jpg" class="attachment-large size-large wp-image-18113" alt="" srcset="https://www.adelec-inter.com/wp-content/uploads/2025/06/Group-1000003721-1024x985.jpg 1024w, https://www.adelec-inter.com/wp-content/uploads/2025/06/Group-1000003721-300x289.jpg 300w, https://www.adelec-inter.com/wp-content/uploads/2025/06/Group-1000003721-768x739.jpg 768w, https://www.adelec-inter.com/wp-content/uploads/2025/06/Group-1000003721-1536x1478.jpg 1536w, https://www.adelec-inter.com/wp-content/uploads/2025/06/Group-1000003721.jpg 1588w" sizes="(max-width: 900px) 100vw, 900px" />								</a>
															</div>
				</div>
				<div class="elementor-element elementor-element-3649c8f card-title elementor-widget elementor-widget-heading" data-id="3649c8f" data-element_type="widget" data-e-type="widget" data-widget_type="heading.default">
				<div class="elementor-widget-container">
					<h6 class="elementor-heading-title elementor-size-default"><a href="/en/douilles-a-choc-standard-et-sur-mesure/">Douilles à choc standard et sur mesure</a></h6>				</div>
				</div>
				<div class="elementor-element elementor-element-88bc9b8 desc elementor-widget elementor-widget-text-editor" data-id="88bc9b8" data-element_type="widget" data-e-type="widget" data-widget_type="text-editor.default">
				<div class="elementor-widget-container">
									<div class="jshop_prod_description"><p>Les douilles à choc sont des accessoires robustes conçus pour être utilisés avec des outils à percussion, tels que les clés à choc, afin de serrer ou desserrer des écrous et boulons avec une force élevée.</p></div>								</div>
				</div>
				<div class="elementor-element elementor-element-510487d elementor-view-stacked elementor-shape-square elementor-widget elementor-widget-icon" data-id="510487d" data-element_type="widget" data-e-type="widget" data-widget_type="icon.default">
				<div class="elementor-widget-container">
							<div class="elementor-icon-wrapper">
			<a class="elementor-icon elementor-animation-buzz-out" href="/en/douilles-a-choc-standard-et-sur-mesure/">
			<i aria-hidden="true" class="rebuilto-icon- rebuilto-icon-arrow-up-right"></i>			</a>
		</div>
						</div>
				</div>
				</div>
		<div class="elementor-element elementor-element-271ad10 e-con-full e-flex e-con e-child" data-id="271ad10" data-element_type="container" data-e-type="container" data-settings="{&quot;background_background&quot;:&quot;classic&quot;}">
				<div class="elementor-element elementor-element-0019a5c elementor-widget elementor-widget-image" data-id="0019a5c" data-element_type="widget" data-e-type="widget" data-widget_type="image.default">
				<div class="elementor-widget-container">
																<a href="/en/embouts-embouts-speciaux-porte-embouts-et-accessoires/">
							<img decoding="async" width="900" height="945" src="https://www.adelec-inter.com/wp-content/uploads/2025/06/Group-1000003720-975x1024.jpg" class="attachment-large size-large wp-image-18115" alt="" srcset="https://www.adelec-inter.com/wp-content/uploads/2025/06/Group-1000003720-975x1024.jpg 975w, https://www.adelec-inter.com/wp-content/uploads/2025/06/Group-1000003720-286x300.jpg 286w, https://www.adelec-inter.com/wp-content/uploads/2025/06/Group-1000003720-768x806.jpg 768w, https://www.adelec-inter.com/wp-content/uploads/2025/06/Group-1000003720-1463x1536.jpg 1463w, https://www.adelec-inter.com/wp-content/uploads/2025/06/Group-1000003720.jpg 1716w" sizes="(max-width: 900px) 100vw, 900px" />								</a>
															</div>
				</div>
				<div class="elementor-element elementor-element-fa8d39b card-title elementor-widget elementor-widget-heading" data-id="fa8d39b" data-element_type="widget" data-e-type="widget" data-widget_type="heading.default">
				<div class="elementor-widget-container">
					<h6 class="elementor-heading-title elementor-size-default"><a href="/en/embouts-embouts-speciaux-porte-embouts-et-accessoires/">Embouts, embouts spéciaux, porte-embouts et accessoires</a></h6>				</div>
				</div>
				<div class="elementor-element elementor-element-2f3bcba desc elementor-widget elementor-widget-text-editor" data-id="2f3bcba" data-element_type="widget" data-e-type="widget" data-widget_type="text-editor.default">
				<div class="elementor-widget-container">
									<p>Les embouts spéciaux répondent aux besoins particuliers des secteurs industriels exigeants, avec des formes et matériaux adaptés à des visseries complexes ou sécurisées.</p>								</div>
				</div>
				<div class="elementor-element elementor-element-ddb3a67 elementor-view-stacked elementor-shape-square elementor-widget elementor-widget-icon" data-id="ddb3a67" data-element_type="widget" data-e-type="widget" data-widget_type="icon.default">
				<div class="elementor-widget-container">
							<div class="elementor-icon-wrapper">
			<a class="elementor-icon elementor-animation-buzz-out" href="/en/embouts-embouts-speciaux-porte-embouts-et-accessoires/">
			<i aria-hidden="true" class="rebuilto-icon- rebuilto-icon-arrow-up-right"></i>			</a>
		</div>
						</div>
				</div>
				</div>
		<div class="elementor-element elementor-element-700a830 e-con-full e-flex e-con e-child" data-id="700a830" data-element_type="container" data-e-type="container" data-settings="{&quot;background_background&quot;:&quot;classic&quot;}">
				<div class="elementor-element elementor-element-7149ea6 elementor-widget elementor-widget-image" data-id="7149ea6" data-element_type="widget" data-e-type="widget" data-widget_type="image.default">
				<div class="elementor-widget-container">
																<a href="/en/accessoires-de-vissage/">
							<img decoding="async" width="900" height="866" src="https://www.adelec-inter.com/wp-content/uploads/2025/06/Group-1000003705-1024x985.jpg" class="attachment-large size-large wp-image-18114" alt="" srcset="https://www.adelec-inter.com/wp-content/uploads/2025/06/Group-1000003705-1024x985.jpg 1024w, https://www.adelec-inter.com/wp-content/uploads/2025/06/Group-1000003705-300x289.jpg 300w, https://www.adelec-inter.com/wp-content/uploads/2025/06/Group-1000003705-768x739.jpg 768w, https://www.adelec-inter.com/wp-content/uploads/2025/06/Group-1000003705-1536x1478.jpg 1536w, https://www.adelec-inter.com/wp-content/uploads/2025/06/Group-1000003705.jpg 1588w" sizes="(max-width: 900px) 100vw, 900px" />								</a>
															</div>
				</div>
				<div class="elementor-element elementor-element-a19f2b4 card-title elementor-widget elementor-widget-heading" data-id="a19f2b4" data-element_type="widget" data-e-type="widget" data-widget_type="heading.default">
				<div class="elementor-widget-container">
					<h6 class="elementor-heading-title elementor-size-default"><a href="/en/accessoires-de-vissage/">Accessoires de vissage</a></h6>				</div>
				</div>
				<div class="elementor-element elementor-element-0c88c5b desc elementor-widget elementor-widget-text-editor" data-id="0c88c5b" data-element_type="widget" data-e-type="widget" data-widget_type="text-editor.default">
				<div class="elementor-widget-container">
									<p>Les accessoires de vissage comprennent une large gamme d’éléments complémentaires indispensables pour optimiser et faciliter les opérations de vissage.</p>								</div>
				</div>
				<div class="elementor-element elementor-element-d56492f elementor-view-stacked elementor-shape-square elementor-widget elementor-widget-icon" data-id="d56492f" data-element_type="widget" data-e-type="widget" data-widget_type="icon.default">
				<div class="elementor-widget-container">
							<div class="elementor-icon-wrapper">
			<a class="elementor-icon elementor-animation-buzz-out" href="/en/accessoires-de-vissage/">
			<i aria-hidden="true" class="rebuilto-icon- rebuilto-icon-arrow-up-right"></i>			</a>
		</div>
						</div>
				</div>
				</div>
					</div>
				</div>
				</div>

<p>Douilles à choc standard et sur mesure Les douilles à choc sont des accessoires robustes conçus pour être utilisés avec des outils à percussion, tels que les clés à choc, afin de serrer ou desserrer des écrous et boulons avec une force élevée. Embouts, embouts spéciaux, porte-embouts et accessoires Les embouts spéciaux répondent aux besoins [&hellip;]</p>
