{"id":19920,"date":"2025-08-05T14:52:14","date_gmt":"2025-08-05T12:52:14","guid":{"rendered":"https:\/\/www.adelec-inter.com\/?page_id=19920"},"modified":"2025-10-06T10:28:18","modified_gmt":"2025-10-06T08:28:18","slug":"cameras-thermiques","status":"publish","type":"page","link":"https:\/\/www.adelec-inter.com\/en\/automatic-storage\/cameras-thermiques\/","title":{"rendered":"Cam\u00e9ras thermiques"},"content":{"rendered":"<div data-elementor-type=\"wp-page\" data-elementor-id=\"19920\" class=\"elementor elementor-19920\" data-elementor-post-type=\"page\">\n\t\t\t\t<div class=\"elementor-element elementor-element-0f753d8 e-grid e-con-boxed e-con e-parent\" data-id=\"0f753d8\" data-element_type=\"container\" data-e-type=\"container\">\n\t\t\t\t\t<div class=\"e-con-inner\">\n\t\t<div class=\"elementor-element elementor-element-10f0752 e-con-full e-flex e-con e-child\" data-id=\"10f0752\" data-element_type=\"container\" data-e-type=\"container\" data-settings=\"{&quot;background_background&quot;:&quot;classic&quot;}\">\n\t\t\t\t<div class=\"elementor-element elementor-element-534f149 elementor-widget elementor-widget-image\" data-id=\"534f149\" data-element_type=\"widget\" data-e-type=\"widget\" data-widget_type=\"image.default\">\n\t\t\t\t<div class=\"elementor-widget-container\">\n\t\t\t\t\t\t\t\t\t\t\t\t\t\t\t\t<a href=\"\/en\/camera-infrarouge-fluke-ti480-pro\/\">\n\t\t\t\t\t\t\t<img fetchpriority=\"high\" decoding=\"async\" width=\"900\" height=\"866\" src=\"https:\/\/www.adelec-inter.com\/wp-content\/uploads\/2025\/08\/Group-1000003911-1024x985.jpg\" class=\"attachment-large size-large wp-image-19866\" alt=\"\" srcset=\"https:\/\/www.adelec-inter.com\/wp-content\/uploads\/2025\/08\/Group-1000003911-1024x985.jpg 1024w, https:\/\/www.adelec-inter.com\/wp-content\/uploads\/2025\/08\/Group-1000003911-300x289.jpg 300w, https:\/\/www.adelec-inter.com\/wp-content\/uploads\/2025\/08\/Group-1000003911-768x739.jpg 768w, https:\/\/www.adelec-inter.com\/wp-content\/uploads\/2025\/08\/Group-1000003911-1536x1478.jpg 1536w, https:\/\/www.adelec-inter.com\/wp-content\/uploads\/2025\/08\/Group-1000003911.jpg 1588w\" sizes=\"(max-width: 900px) 100vw, 900px\" \/>\t\t\t\t\t\t\t\t<\/a>\n\t\t\t\t\t\t\t\t\t\t\t\t\t\t\t<\/div>\n\t\t\t\t<\/div>\n\t\t\t\t<div class=\"elementor-element elementor-element-8a29839 card-title elementor-widget elementor-widget-heading\" data-id=\"8a29839\" data-element_type=\"widget\" data-e-type=\"widget\" data-widget_type=\"heading.default\">\n\t\t\t\t<div class=\"elementor-widget-container\">\n\t\t\t\t\t<h6 class=\"elementor-heading-title elementor-size-default\"><a href=\"\/en\/camera-infrarouge-fluke-ti480-pro\/\">Cam\u00e9ra infrarouge Fluke Ti480 PRO<\/a><\/h6>\t\t\t\t<\/div>\n\t\t\t\t<\/div>\n\t\t\t\t<div class=\"elementor-element elementor-element-4e3b7d2 desc elementor-widget elementor-widget-text-editor\" data-id=\"4e3b7d2\" data-element_type=\"widget\" data-e-type=\"widget\" data-widget_type=\"text-editor.default\">\n\t\t\t\t<div class=\"elementor-widget-container\">\n\t\t\t\t\t\t\t\t\t<p>Avec la Ti480\u00a0PRO, ne vous souciez plus de la mise au point. Gr\u00e2ce \u00e0 la technologie MultiSharp\u2122, obtenez des images mises au point sur tout le champ de vis\u00e9e, m\u00eame en partant d&rsquo;une cible compl\u00e8tement floue.<\/p>\t\t\t\t\t\t\t\t<\/div>\n\t\t\t\t<\/div>\n\t\t\t\t<div class=\"elementor-element elementor-element-077d1f8 elementor-view-stacked elementor-shape-square elementor-widget elementor-widget-icon\" data-id=\"077d1f8\" data-element_type=\"widget\" data-e-type=\"widget\" data-widget_type=\"icon.default\">\n\t\t\t\t<div class=\"elementor-widget-container\">\n\t\t\t\t\t\t\t<div class=\"elementor-icon-wrapper\">\n\t\t\t<a class=\"elementor-icon elementor-animation-rotate\" href=\"\/en\/camera-infrarouge-fluke-ti480-pro\/\">\n\t\t\t<i aria-hidden=\"true\" class=\"rebuilto-icon- rebuilto-icon-arrow-up-right\"><\/i>\t\t\t<\/a>\n\t\t<\/div>\n\t\t\t\t\t\t<\/div>\n\t\t\t\t<\/div>\n\t\t\t\t<\/div>\n\t\t<div class=\"elementor-element elementor-element-2d50e2c e-con-full e-flex e-con e-child\" data-id=\"2d50e2c\" data-element_type=\"container\" data-e-type=\"container\" data-settings=\"{&quot;background_background&quot;:&quot;classic&quot;}\">\n\t\t\t\t<div class=\"elementor-element elementor-element-b4d3c73 elementor-widget elementor-widget-image\" data-id=\"b4d3c73\" data-element_type=\"widget\" data-e-type=\"widget\" data-widget_type=\"image.default\">\n\t\t\t\t<div class=\"elementor-widget-container\">\n\t\t\t\t\t\t\t\t\t\t\t\t\t\t\t\t<a href=\"\/en\/camera-thermique-mobile-fluke-isee-tc01a-tc01b\/\">\n\t\t\t\t\t\t\t<img decoding=\"async\" width=\"900\" height=\"866\" src=\"https:\/\/www.adelec-inter.com\/wp-content\/uploads\/2025\/08\/Group-1000004047-1024x985.jpg\" class=\"attachment-large size-large wp-image-19925\" alt=\"\" srcset=\"https:\/\/www.adelec-inter.com\/wp-content\/uploads\/2025\/08\/Group-1000004047-1024x985.jpg 1024w, https:\/\/www.adelec-inter.com\/wp-content\/uploads\/2025\/08\/Group-1000004047-300x289.jpg 300w, https:\/\/www.adelec-inter.com\/wp-content\/uploads\/2025\/08\/Group-1000004047-768x739.jpg 768w, https:\/\/www.adelec-inter.com\/wp-content\/uploads\/2025\/08\/Group-1000004047-1536x1478.jpg 1536w, https:\/\/www.adelec-inter.com\/wp-content\/uploads\/2025\/08\/Group-1000004047.jpg 1588w\" sizes=\"(max-width: 900px) 100vw, 900px\" \/>\t\t\t\t\t\t\t\t<\/a>\n\t\t\t\t\t\t\t\t\t\t\t\t\t\t\t<\/div>\n\t\t\t\t<\/div>\n\t\t\t\t<div class=\"elementor-element elementor-element-9ad4dc0 card-title elementor-widget elementor-widget-heading\" data-id=\"9ad4dc0\" data-element_type=\"widget\" data-e-type=\"widget\" data-widget_type=\"heading.default\">\n\t\t\t\t<div class=\"elementor-widget-container\">\n\t\t\t\t\t<h6 class=\"elementor-heading-title elementor-size-default\"><a href=\"\/en\/camera-thermique-mobile-fluke-isee-tc01a-tc01b\/\">Cam\u00e9ra thermique mobile Fluke iSee\u2122 - TC01A\/TC01B<\/a><\/h6>\t\t\t\t<\/div>\n\t\t\t\t<\/div>\n\t\t\t\t<div class=\"elementor-element elementor-element-15f44a7 desc elementor-widget elementor-widget-text-editor\" data-id=\"15f44a7\" data-element_type=\"widget\" data-e-type=\"widget\" data-widget_type=\"text-editor.default\">\n\t\t\t\t<div class=\"elementor-widget-container\">\n\t\t\t\t\t\t\t\t\t<p>Faites l\u2019exp\u00e9rience d\u2019inspections rapides et faciles en d\u00e9placement avec la cam\u00e9ra thermique mobile Fluke iSee<sup>\u2122<\/sup>, qui ne p\u00e8se que 22 g. Il suffit d\u2019une seconde pour commencer \u00e0 utiliser.\u00a0<\/p>\t\t\t\t\t\t\t\t<\/div>\n\t\t\t\t<\/div>\n\t\t\t\t<div class=\"elementor-element elementor-element-eacc12c elementor-view-stacked elementor-shape-square elementor-widget elementor-widget-icon\" data-id=\"eacc12c\" data-element_type=\"widget\" data-e-type=\"widget\" data-widget_type=\"icon.default\">\n\t\t\t\t<div class=\"elementor-widget-container\">\n\t\t\t\t\t\t\t<div class=\"elementor-icon-wrapper\">\n\t\t\t<a class=\"elementor-icon elementor-animation-rotate\" href=\"\/en\/camera-thermique-mobile-fluke-isee-tc01a-tc01b\/\">\n\t\t\t<i aria-hidden=\"true\" class=\"rebuilto-icon- rebuilto-icon-arrow-up-right\"><\/i>\t\t\t<\/a>\n\t\t<\/div>\n\t\t\t\t\t\t<\/div>\n\t\t\t\t<\/div>\n\t\t\t\t<\/div>\n\t\t<div class=\"elementor-element elementor-element-96e1337 e-con-full e-flex e-con e-child\" data-id=\"96e1337\" data-element_type=\"container\" data-e-type=\"container\" data-settings=\"{&quot;background_background&quot;:&quot;classic&quot;}\">\n\t\t\t\t<div class=\"elementor-element elementor-element-35161ad elementor-widget elementor-widget-image\" data-id=\"35161ad\" data-element_type=\"widget\" data-e-type=\"widget\" data-widget_type=\"image.default\">\n\t\t\t\t<div class=\"elementor-widget-container\">\n\t\t\t\t\t\t\t\t\t\t\t\t\t\t\t\t<a href=\"\/en\/camera-infrarouge-compacte-fluke-pti120\/\">\n\t\t\t\t\t\t\t<img decoding=\"async\" width=\"900\" height=\"866\" src=\"https:\/\/www.adelec-inter.com\/wp-content\/uploads\/2025\/08\/Group-1000004051-1024x985.jpg\" class=\"attachment-large size-large wp-image-19926\" alt=\"\" srcset=\"https:\/\/www.adelec-inter.com\/wp-content\/uploads\/2025\/08\/Group-1000004051-1024x985.jpg 1024w, https:\/\/www.adelec-inter.com\/wp-content\/uploads\/2025\/08\/Group-1000004051-300x289.jpg 300w, https:\/\/www.adelec-inter.com\/wp-content\/uploads\/2025\/08\/Group-1000004051-768x739.jpg 768w, https:\/\/www.adelec-inter.com\/wp-content\/uploads\/2025\/08\/Group-1000004051-1536x1478.jpg 1536w, https:\/\/www.adelec-inter.com\/wp-content\/uploads\/2025\/08\/Group-1000004051.jpg 1588w\" sizes=\"(max-width: 900px) 100vw, 900px\" \/>\t\t\t\t\t\t\t\t<\/a>\n\t\t\t\t\t\t\t\t\t\t\t\t\t\t\t<\/div>\n\t\t\t\t<\/div>\n\t\t\t\t<div class=\"elementor-element elementor-element-5d5053f card-title elementor-widget elementor-widget-heading\" data-id=\"5d5053f\" data-element_type=\"widget\" data-e-type=\"widget\" data-widget_type=\"heading.default\">\n\t\t\t\t<div class=\"elementor-widget-container\">\n\t\t\t\t\t<h6 class=\"elementor-heading-title elementor-size-default\"><a href=\"\/en\/camera-infrarouge-compacte-fluke-pti120\/\">Cam\u00e9ra infrarouge compacte Fluke PTi120<\/a><\/h6>\t\t\t\t<\/div>\n\t\t\t\t<\/div>\n\t\t\t\t<div class=\"elementor-element elementor-element-9e3451e desc elementor-widget elementor-widget-text-editor\" data-id=\"9e3451e\" data-element_type=\"widget\" data-e-type=\"widget\" data-widget_type=\"text-editor.default\">\n\t\t\t\t<div class=\"elementor-widget-container\">\n\t\t\t\t\t\t\t\t\tCam\u00e9ra infrarouge r\u00e9sistante et facile \u00e0 utiliser pour les inspections \u00e9lectriques et industrielles\nUne cam\u00e9ra infrarouge de cette taille est id\u00e9ale pour le d\u00e9pannage de premi\u00e8re ligne. \t\t\t\t\t\t\t\t<\/div>\n\t\t\t\t<\/div>\n\t\t\t\t<div class=\"elementor-element elementor-element-31a24fe elementor-view-stacked elementor-shape-square elementor-widget elementor-widget-icon\" data-id=\"31a24fe\" data-element_type=\"widget\" data-e-type=\"widget\" data-widget_type=\"icon.default\">\n\t\t\t\t<div class=\"elementor-widget-container\">\n\t\t\t\t\t\t\t<div class=\"elementor-icon-wrapper\">\n\t\t\t<a class=\"elementor-icon elementor-animation-rotate\" href=\"\/en\/camera-infrarouge-compacte-fluke-pti120\/\">\n\t\t\t<i aria-hidden=\"true\" class=\"rebuilto-icon- rebuilto-icon-arrow-up-right\"><\/i>\t\t\t<\/a>\n\t\t<\/div>\n\t\t\t\t\t\t<\/div>\n\t\t\t\t<\/div>\n\t\t\t\t<\/div>\n\t\t\t\t\t<\/div>\n\t\t\t\t<\/div>\n\t\t\t\t<\/div>","protected":false},"excerpt":{"rendered":"<p>Cam\u00e9ra infrarouge Fluke Ti480 PRO Avec la Ti480\u00a0PRO, ne vous souciez plus de la mise au point. Gr\u00e2ce \u00e0 la technologie MultiSharp\u2122, obtenez des images mises au point sur tout le champ de vis\u00e9e, m\u00eame en partant d&rsquo;une cible compl\u00e8tement floue. Cam\u00e9ra thermique mobile Fluke iSee\u2122 &#8211; TC01A\/TC01B Faites l\u2019exp\u00e9rience d\u2019inspections rapides et faciles en [&hellip;]<\/p>\n","protected":false},"author":2,"featured_media":0,"parent":7077,"menu_order":0,"comment_status":"closed","ping_status":"closed","template":"","meta":{"_acf_changed":false,"footnotes":""},"class_list":["post-19920","page","type-page","status-publish","hentry"],"acf":[],"_links":{"self":[{"href":"https:\/\/www.adelec-inter.com\/en\/wp-json\/wp\/v2\/pages\/19920","targetHints":{"allow":["GET"]}}],"collection":[{"href":"https:\/\/www.adelec-inter.com\/en\/wp-json\/wp\/v2\/pages"}],"about":[{"href":"https:\/\/www.adelec-inter.com\/en\/wp-json\/wp\/v2\/types\/page"}],"author":[{"embeddable":true,"href":"https:\/\/www.adelec-inter.com\/en\/wp-json\/wp\/v2\/users\/2"}],"replies":[{"embeddable":true,"href":"https:\/\/www.adelec-inter.com\/en\/wp-json\/wp\/v2\/comments?post=19920"}],"version-history":[{"count":13,"href":"https:\/\/www.adelec-inter.com\/en\/wp-json\/wp\/v2\/pages\/19920\/revisions"}],"predecessor-version":[{"id":20742,"href":"https:\/\/www.adelec-inter.com\/en\/wp-json\/wp\/v2\/pages\/19920\/revisions\/20742"}],"up":[{"embeddable":true,"href":"https:\/\/www.adelec-inter.com\/en\/wp-json\/wp\/v2\/pages\/7077"}],"wp:attachment":[{"href":"https:\/\/www.adelec-inter.com\/en\/wp-json\/wp\/v2\/media?parent=19920"}],"curies":[{"name":"wp","href":"https:\/\/api.w.org\/{rel}","templated":true}]}}

Caméras thermiques

<div data-elementor-type="wp-page" data-elementor-id="19920" class="elementor elementor-19920" data-elementor-post-type="page">
				<div class="elementor-element elementor-element-0f753d8 e-grid e-con-boxed e-con e-parent" data-id="0f753d8" data-element_type="container" data-e-type="container">
					<div class="e-con-inner">
		<div class="elementor-element elementor-element-10f0752 e-con-full e-flex e-con e-child" data-id="10f0752" data-element_type="container" data-e-type="container" data-settings="{&quot;background_background&quot;:&quot;classic&quot;}">
				<div class="elementor-element elementor-element-534f149 elementor-widget elementor-widget-image" data-id="534f149" data-element_type="widget" data-e-type="widget" data-widget_type="image.default">
				<div class="elementor-widget-container">
																<a href="/en/camera-infrarouge-fluke-ti480-pro/">
							<img fetchpriority="high" decoding="async" width="900" height="866" src="https://www.adelec-inter.com/wp-content/uploads/2025/08/Group-1000003911-1024x985.jpg" class="attachment-large size-large wp-image-19866" alt="" srcset="https://www.adelec-inter.com/wp-content/uploads/2025/08/Group-1000003911-1024x985.jpg 1024w, https://www.adelec-inter.com/wp-content/uploads/2025/08/Group-1000003911-300x289.jpg 300w, https://www.adelec-inter.com/wp-content/uploads/2025/08/Group-1000003911-768x739.jpg 768w, https://www.adelec-inter.com/wp-content/uploads/2025/08/Group-1000003911-1536x1478.jpg 1536w, https://www.adelec-inter.com/wp-content/uploads/2025/08/Group-1000003911.jpg 1588w" sizes="(max-width: 900px) 100vw, 900px" />								</a>
															</div>
				</div>
				<div class="elementor-element elementor-element-8a29839 card-title elementor-widget elementor-widget-heading" data-id="8a29839" data-element_type="widget" data-e-type="widget" data-widget_type="heading.default">
				<div class="elementor-widget-container">
					<h6 class="elementor-heading-title elementor-size-default"><a href="/en/camera-infrarouge-fluke-ti480-pro/">Caméra infrarouge Fluke Ti480 PRO</a></h6>				</div>
				</div>
				<div class="elementor-element elementor-element-4e3b7d2 desc elementor-widget elementor-widget-text-editor" data-id="4e3b7d2" data-element_type="widget" data-e-type="widget" data-widget_type="text-editor.default">
				<div class="elementor-widget-container">
									<p>Avec la Ti480 PRO, ne vous souciez plus de la mise au point. Grâce à la technologie MultiSharp™, obtenez des images mises au point sur tout le champ de visée, même en partant d&rsquo;une cible complètement floue.</p>								</div>
				</div>
				<div class="elementor-element elementor-element-077d1f8 elementor-view-stacked elementor-shape-square elementor-widget elementor-widget-icon" data-id="077d1f8" data-element_type="widget" data-e-type="widget" data-widget_type="icon.default">
				<div class="elementor-widget-container">
							<div class="elementor-icon-wrapper">
			<a class="elementor-icon elementor-animation-rotate" href="/en/camera-infrarouge-fluke-ti480-pro/">
			<i aria-hidden="true" class="rebuilto-icon- rebuilto-icon-arrow-up-right"></i>			</a>
		</div>
						</div>
				</div>
				</div>
		<div class="elementor-element elementor-element-2d50e2c e-con-full e-flex e-con e-child" data-id="2d50e2c" data-element_type="container" data-e-type="container" data-settings="{&quot;background_background&quot;:&quot;classic&quot;}">
				<div class="elementor-element elementor-element-b4d3c73 elementor-widget elementor-widget-image" data-id="b4d3c73" data-element_type="widget" data-e-type="widget" data-widget_type="image.default">
				<div class="elementor-widget-container">
																<a href="/en/camera-thermique-mobile-fluke-isee-tc01a-tc01b/">
							<img decoding="async" width="900" height="866" src="https://www.adelec-inter.com/wp-content/uploads/2025/08/Group-1000004047-1024x985.jpg" class="attachment-large size-large wp-image-19925" alt="" srcset="https://www.adelec-inter.com/wp-content/uploads/2025/08/Group-1000004047-1024x985.jpg 1024w, https://www.adelec-inter.com/wp-content/uploads/2025/08/Group-1000004047-300x289.jpg 300w, https://www.adelec-inter.com/wp-content/uploads/2025/08/Group-1000004047-768x739.jpg 768w, https://www.adelec-inter.com/wp-content/uploads/2025/08/Group-1000004047-1536x1478.jpg 1536w, https://www.adelec-inter.com/wp-content/uploads/2025/08/Group-1000004047.jpg 1588w" sizes="(max-width: 900px) 100vw, 900px" />								</a>
															</div>
				</div>
				<div class="elementor-element elementor-element-9ad4dc0 card-title elementor-widget elementor-widget-heading" data-id="9ad4dc0" data-element_type="widget" data-e-type="widget" data-widget_type="heading.default">
				<div class="elementor-widget-container">
					<h6 class="elementor-heading-title elementor-size-default"><a href="/en/camera-thermique-mobile-fluke-isee-tc01a-tc01b/">Caméra thermique mobile Fluke iSee™ - TC01A/TC01B</a></h6>				</div>
				</div>
				<div class="elementor-element elementor-element-15f44a7 desc elementor-widget elementor-widget-text-editor" data-id="15f44a7" data-element_type="widget" data-e-type="widget" data-widget_type="text-editor.default">
				<div class="elementor-widget-container">
									<p>Faites l’expérience d’inspections rapides et faciles en déplacement avec la caméra thermique mobile Fluke iSee<sup>™</sup>, qui ne pèse que 22 g. Il suffit d’une seconde pour commencer à utiliser. </p>								</div>
				</div>
				<div class="elementor-element elementor-element-eacc12c elementor-view-stacked elementor-shape-square elementor-widget elementor-widget-icon" data-id="eacc12c" data-element_type="widget" data-e-type="widget" data-widget_type="icon.default">
				<div class="elementor-widget-container">
							<div class="elementor-icon-wrapper">
			<a class="elementor-icon elementor-animation-rotate" href="/en/camera-thermique-mobile-fluke-isee-tc01a-tc01b/">
			<i aria-hidden="true" class="rebuilto-icon- rebuilto-icon-arrow-up-right"></i>			</a>
		</div>
						</div>
				</div>
				</div>
		<div class="elementor-element elementor-element-96e1337 e-con-full e-flex e-con e-child" data-id="96e1337" data-element_type="container" data-e-type="container" data-settings="{&quot;background_background&quot;:&quot;classic&quot;}">
				<div class="elementor-element elementor-element-35161ad elementor-widget elementor-widget-image" data-id="35161ad" data-element_type="widget" data-e-type="widget" data-widget_type="image.default">
				<div class="elementor-widget-container">
																<a href="/en/camera-infrarouge-compacte-fluke-pti120/">
							<img decoding="async" width="900" height="866" src="https://www.adelec-inter.com/wp-content/uploads/2025/08/Group-1000004051-1024x985.jpg" class="attachment-large size-large wp-image-19926" alt="" srcset="https://www.adelec-inter.com/wp-content/uploads/2025/08/Group-1000004051-1024x985.jpg 1024w, https://www.adelec-inter.com/wp-content/uploads/2025/08/Group-1000004051-300x289.jpg 300w, https://www.adelec-inter.com/wp-content/uploads/2025/08/Group-1000004051-768x739.jpg 768w, https://www.adelec-inter.com/wp-content/uploads/2025/08/Group-1000004051-1536x1478.jpg 1536w, https://www.adelec-inter.com/wp-content/uploads/2025/08/Group-1000004051.jpg 1588w" sizes="(max-width: 900px) 100vw, 900px" />								</a>
															</div>
				</div>
				<div class="elementor-element elementor-element-5d5053f card-title elementor-widget elementor-widget-heading" data-id="5d5053f" data-element_type="widget" data-e-type="widget" data-widget_type="heading.default">
				<div class="elementor-widget-container">
					<h6 class="elementor-heading-title elementor-size-default"><a href="/en/camera-infrarouge-compacte-fluke-pti120/">Caméra infrarouge compacte Fluke PTi120</a></h6>				</div>
				</div>
				<div class="elementor-element elementor-element-9e3451e desc elementor-widget elementor-widget-text-editor" data-id="9e3451e" data-element_type="widget" data-e-type="widget" data-widget_type="text-editor.default">
				<div class="elementor-widget-container">
									Caméra infrarouge résistante et facile à utiliser pour les inspections électriques et industrielles
Une caméra infrarouge de cette taille est idéale pour le dépannage de première ligne. 								</div>
				</div>
				<div class="elementor-element elementor-element-31a24fe elementor-view-stacked elementor-shape-square elementor-widget elementor-widget-icon" data-id="31a24fe" data-element_type="widget" data-e-type="widget" data-widget_type="icon.default">
				<div class="elementor-widget-container">
							<div class="elementor-icon-wrapper">
			<a class="elementor-icon elementor-animation-rotate" href="/en/camera-infrarouge-compacte-fluke-pti120/">
			<i aria-hidden="true" class="rebuilto-icon- rebuilto-icon-arrow-up-right"></i>			</a>
		</div>
						</div>
				</div>
				</div>
					</div>
				</div>
				</div>

<p>Caméra infrarouge Fluke Ti480 PRO Avec la Ti480 PRO, ne vous souciez plus de la mise au point. Grâce à la technologie MultiSharp™, obtenez des images mises au point sur tout le champ de visée, même en partant d&rsquo;une cible complètement floue. Caméra thermique mobile Fluke iSee™ &#8211; TC01A/TC01B Faites l’expérience d’inspections rapides et faciles en [&hellip;]</p>
